{"id":1836,"date":"2019-01-12T15:13:54","date_gmt":"2019-01-12T14:13:54","guid":{"rendered":"https:\/\/www.sg-griesingen.de\/?page_id=1836"},"modified":"2025-10-16T19:16:16","modified_gmt":"2025-10-16T17:16:16","slug":"foerderverein","status":"publish","type":"page","link":"https:\/\/www.sg-griesingen.de\/index.php\/foerderverein\/","title":{"rendered":"F\u00f6rderverein"},"content":{"rendered":"<div id=\"pl-1836\"  class=\"panel-layout\" ><div id=\"pg-1836-0\"  class=\"panel-grid panel-has-style\" ><div style=\"padding: 100px 0; \" data-overlay=\"true\" data-overlay-color=\"#000000\" class=\"panel-row-style panel-row-style-for-1836-0\" ><div id=\"pgc-1836-0-0\"  class=\"panel-grid-cell\" ><div id=\"panel-1836-0-0-0\" class=\"so-panel widget widget_sow-editor panel-first-child panel-last-child\" data-index=\"0\" ><div style=\"text-align: left;\" data-title-color=\"#443f3f\" data-headings-color=\"#443f3f\" class=\"panel-widget-style panel-widget-style-for-1836-0-0-0\" ><div\n\t\t\t\n\t\t\tclass=\"so-widget-sow-editor so-widget-sow-editor-base\"\n\t\t\t\n\t\t>\n<div class=\"siteorigin-widget-tinymce textwidget\">\n\t<p>Auf dieser Seite finden Sie Einblicke und Informationen zum F\u00f6rdervereins der SG Griesingen e.V., dessen Zweck die F\u00f6rderung des Sports in Griesingen ist.<\/p>\n<p>Da aus dem Satzungszweck auch die Unterst\u00fctzung unseres Vereins m\u00f6glich ist, bieten wir dem F\u00f6rderverein an dieser Stelle die M\u00f6glichkeit, sich \u00f6ffentlich zu pr\u00e4sentieren:<\/p>\n<p><strong>Satzung\u00a0 \u00a0 \u00a0 \u00a0 \u00a0 \u00a0 \u00a0 \u00a0 \u00a0 \u00a0 \u00a0 \u00a0 \u00a0 \u00a0 \u00a0 \u00a0 \u00a0 \u00a0 \u00a0 \u00a0 \u00a0 \u00a0 \u00a0 \u00a0 \u00a0 \u00a0 \u00a0Mitgliedsantrag<\/strong><\/p>\n<p><a href=\"https:\/\/www.sg-griesingen.de\/wp-content\/uploads\/2024\/11\/Satzung-des-FA\u00b6rdervereins-der-SG-Griesingen_21.11.2018.pdf\">Link zur Satzung<\/a>\u00a0 \u00a0 \u00a0 \u00a0 \u00a0 \u00a0 \u00a0 \u00a0 \u00a0 \u00a0 \u00a0 \u00a0 \u00a0 \u00a0 \u00a0 \u00a0 \u00a0 \u00a0 \u00a0 \u00a0 <a href=\"https:\/\/www.sg-griesingen.de\/wp-content\/uploads\/2024\/11\/Mitgliedsantrag_Foerderverein14.10.2024_.pdf\">Download Formular Mitgliedsantrag F\u00f6rderverein<\/a><\/p>\n<\/div>\n<\/div><\/div><\/div><\/div><\/div><\/div><div id=\"pg-1836-1\"  class=\"panel-grid panel-has-style\" ><div style=\"padding: 100px 0; \" data-overlay=\"true\" data-overlay-color=\"#000000\" class=\"panel-row-style panel-row-style-for-1836-1\" ><div id=\"pgc-1836-1-0\"  class=\"panel-grid-cell\" ><div id=\"panel-1836-1-0-0\" class=\"so-panel widget widget_sow-editor panel-first-child panel-last-child\" data-index=\"1\" ><div style=\"text-align: left;\" data-title-color=\"#443f3f\" data-headings-color=\"#443f3f\" class=\"panel-widget-style panel-widget-style-for-1836-1-0-0\" ><div\n\t\t\t\n\t\t\tclass=\"so-widget-sow-editor so-widget-sow-editor-base\"\n\t\t\t\n\t\t><h3 class=\"widget-title\">Die Vorstandschaft<\/h3>\n<div class=\"siteorigin-widget-tinymce textwidget\">\n\t<\/div>\n<\/div><\/div><\/div><\/div><\/div><\/div><div id=\"pg-1836-2\"  class=\"panel-grid panel-has-style\" ><div style=\"padding: 100px 0; \" data-overlay=\"true\" data-overlay-color=\"#000000\" class=\"panel-row-style panel-row-style-for-1836-2\" ><div id=\"pgc-1836-2-0\"  class=\"panel-grid-cell\" ><div id=\"panel-1836-2-0-0\" class=\"so-panel widget widget_sow-editor panel-first-child panel-last-child\" data-index=\"2\" ><div style=\"text-align: left;\" data-title-color=\"#443f3f\" data-headings-color=\"#443f3f\" class=\"panel-widget-style panel-widget-style-for-1836-2-0-0\" ><div\n\t\t\t\n\t\t\tclass=\"so-widget-sow-editor so-widget-sow-editor-base\"\n\t\t\t\n\t\t>\n<div class=\"siteorigin-widget-tinymce textwidget\">\n\t<p><img loading=\"lazy\" decoding=\"async\" class=\"size-medium wp-image-3529 aligncenter\" src=\"https:\/\/www.sg-griesingen.de\/wp-content\/uploads\/2024\/05\/IMG_5395-219x300.jpg\" alt=\"\" width=\"219\" height=\"300\" srcset=\"https:\/\/www.sg-griesingen.de\/wp-content\/uploads\/2024\/05\/IMG_5395-219x300.jpg 219w, https:\/\/www.sg-griesingen.de\/wp-content\/uploads\/2024\/05\/IMG_5395-748x1024.jpg 748w, https:\/\/www.sg-griesingen.de\/wp-content\/uploads\/2024\/05\/IMG_5395-768x1051.jpg 768w, https:\/\/www.sg-griesingen.de\/wp-content\/uploads\/2024\/05\/IMG_5395-230x315.jpg 230w, https:\/\/www.sg-griesingen.de\/wp-content\/uploads\/2024\/05\/IMG_5395-350x479.jpg 350w, https:\/\/www.sg-griesingen.de\/wp-content\/uploads\/2024\/05\/IMG_5395-480x657.jpg 480w, https:\/\/www.sg-griesingen.de\/wp-content\/uploads\/2024\/05\/IMG_5395.jpg 982w\" sizes=\"auto, (max-width: 219px) 100vw, 219px\" \/><\/p>\n<p style=\"text-align: center;\">Peter Gobs<\/p>\n<p style=\"text-align: center;\">Vorsitzender<\/p>\n<p style=\"text-align: center;\"><a href=\"mailto:peter.gobs@sg-griesingen.de\">peter.gobs@sg-griesingen.de<\/a><\/p>\n<\/div>\n<\/div><\/div><\/div><\/div><div id=\"pgc-1836-2-1\"  class=\"panel-grid-cell\" ><div id=\"panel-1836-2-1-0\" class=\"so-panel widget widget_sow-editor panel-first-child panel-last-child\" data-index=\"3\" ><div style=\"text-align: left;\" data-title-color=\"#443f3f\" data-headings-color=\"#443f3f\" class=\"panel-widget-style panel-widget-style-for-1836-2-1-0\" ><div\n\t\t\t\n\t\t\tclass=\"so-widget-sow-editor so-widget-sow-editor-base\"\n\t\t\t\n\t\t>\n<div class=\"siteorigin-widget-tinymce textwidget\">\n\t<p><img loading=\"lazy\" decoding=\"async\" class=\"size-medium wp-image-4195 aligncenter\" src=\"https:\/\/www.sg-griesingen.de\/wp-content\/uploads\/2025\/03\/Bild-unbekannt-219x300.jpg\" alt=\"\" width=\"219\" height=\"300\" srcset=\"https:\/\/www.sg-griesingen.de\/wp-content\/uploads\/2025\/03\/Bild-unbekannt-219x300.jpg 219w, https:\/\/www.sg-griesingen.de\/wp-content\/uploads\/2025\/03\/Bild-unbekannt-748x1024.jpg 748w, https:\/\/www.sg-griesingen.de\/wp-content\/uploads\/2025\/03\/Bild-unbekannt-768x1051.jpg 768w, https:\/\/www.sg-griesingen.de\/wp-content\/uploads\/2025\/03\/Bild-unbekannt-230x315.jpg 230w, https:\/\/www.sg-griesingen.de\/wp-content\/uploads\/2025\/03\/Bild-unbekannt-350x479.jpg 350w, https:\/\/www.sg-griesingen.de\/wp-content\/uploads\/2025\/03\/Bild-unbekannt-480x657.jpg 480w, https:\/\/www.sg-griesingen.de\/wp-content\/uploads\/2025\/03\/Bild-unbekannt.jpg 800w\" sizes=\"auto, (max-width: 219px) 100vw, 219px\" \/><\/p>\n<p style=\"text-align: center;\">Christian Grab<\/p>\n<p style=\"text-align: center;\">Stellv. Vorsitzender<\/p>\n<\/div>\n<\/div><\/div><\/div><\/div><\/div><\/div><div id=\"pg-1836-3\"  class=\"panel-grid panel-has-style\" ><div style=\"padding: 100px 0; \" data-overlay=\"true\" data-overlay-color=\"#000000\" class=\"panel-row-style panel-row-style-for-1836-3\" ><div id=\"pgc-1836-3-0\"  class=\"panel-grid-cell\" ><div id=\"panel-1836-3-0-0\" class=\"so-panel widget widget_sow-editor panel-first-child panel-last-child\" data-index=\"4\" ><div style=\"text-align: left;\" data-title-color=\"#443f3f\" data-headings-color=\"#443f3f\" class=\"panel-widget-style panel-widget-style-for-1836-3-0-0\" ><div\n\t\t\t\n\t\t\tclass=\"so-widget-sow-editor so-widget-sow-editor-base\"\n\t\t\t\n\t\t>\n<div class=\"siteorigin-widget-tinymce textwidget\">\n\t<p><img loading=\"lazy\" decoding=\"async\" class=\"size-full wp-image-4513 aligncenter\" src=\"https:\/\/www.sg-griesingen.de\/wp-content\/uploads\/2025\/04\/300x300-1-e1743628451575.webp\" alt=\"\" width=\"208\" height=\"300\" \/><\/p>\n<p style=\"text-align: center;\">Nico K\u00f6hler<\/p>\n<p style=\"text-align: center;\">Kassierer<\/p>\n<p style=\"text-align: center;\"><a href=\"mailto:nico.koehler@sg-griesingen.de\">nico.koehler@sg-griesingen.de<\/a><\/p>\n<\/div>\n<\/div><\/div><\/div><\/div><div id=\"pgc-1836-3-1\"  class=\"panel-grid-cell\" ><div id=\"panel-1836-3-1-0\" class=\"so-panel widget widget_sow-editor panel-first-child panel-last-child\" data-index=\"5\" ><div style=\"text-align: left;\" data-title-color=\"#443f3f\" data-headings-color=\"#443f3f\" class=\"panel-widget-style panel-widget-style-for-1836-3-1-0\" ><div\n\t\t\t\n\t\t\tclass=\"so-widget-sow-editor so-widget-sow-editor-base\"\n\t\t\t\n\t\t>\n<div class=\"siteorigin-widget-tinymce textwidget\">\n\t<p><img loading=\"lazy\" decoding=\"async\" class=\"size-full wp-image-4236 aligncenter\" src=\"https:\/\/www.sg-griesingen.de\/wp-content\/uploads\/2025\/03\/Raphi-228x300-1.png\" alt=\"\" width=\"228\" height=\"300\" \/><\/p>\n<p style=\"text-align: center;\">Raphael Brunner<\/p>\n<p style=\"text-align: center;\">Schriftf\u00fchrer<\/p>\n<p style=\"text-align: center;\"><a href=\"mailto:raphael.brunner@sg-griesingen.de\">raphael.brunner@sg-griesingen.de<\/a><\/p>\n<\/div>\n<\/div><\/div><\/div><\/div><\/div><\/div><div id=\"pg-1836-4\"  class=\"panel-grid panel-has-style\" ><div style=\"padding: 100px 0; \" data-overlay=\"true\" data-overlay-color=\"#000000\" class=\"panel-row-style panel-row-style-for-1836-4\" ><div id=\"pgc-1836-4-0\"  class=\"panel-grid-cell\" ><div id=\"panel-1836-4-0-0\" class=\"so-panel widget widget_sow-editor panel-first-child panel-last-child\" data-index=\"6\" ><div style=\"text-align: left;\" data-title-color=\"#443f3f\" data-headings-color=\"#443f3f\" class=\"panel-widget-style panel-widget-style-for-1836-4-0-0\" ><div\n\t\t\t\n\t\t\tclass=\"so-widget-sow-editor so-widget-sow-editor-base\"\n\t\t\t\n\t\t>\n<div class=\"siteorigin-widget-tinymce textwidget\">\n\t<p><img loading=\"lazy\" decoding=\"async\" class=\"size-medium wp-image-4232 aligncenter\" src=\"https:\/\/www.sg-griesingen.de\/wp-content\/uploads\/2025\/03\/Bild-unbekannt-228x342-1-200x300.jpg\" alt=\"\" width=\"200\" height=\"300\" srcset=\"https:\/\/www.sg-griesingen.de\/wp-content\/uploads\/2025\/03\/Bild-unbekannt-228x342-1-200x300.jpg 200w, https:\/\/www.sg-griesingen.de\/wp-content\/uploads\/2025\/03\/Bild-unbekannt-228x342-1.jpg 228w\" sizes=\"auto, (max-width: 200px) 100vw, 200px\" \/><\/p>\n<p style=\"text-align: center;\">Helena Koch<\/p>\n<p style=\"text-align: center;\">Beisitzer<\/p>\n<\/div>\n<\/div><\/div><\/div><\/div><div id=\"pgc-1836-4-1\"  class=\"panel-grid-cell\" ><div id=\"panel-1836-4-1-0\" class=\"so-panel widget widget_sow-editor panel-first-child panel-last-child\" data-index=\"7\" ><div style=\"text-align: left;\" data-title-color=\"#443f3f\" data-headings-color=\"#443f3f\" class=\"panel-widget-style panel-widget-style-for-1836-4-1-0\" ><div\n\t\t\t\n\t\t\tclass=\"so-widget-sow-editor so-widget-sow-editor-base\"\n\t\t\t\n\t\t>\n<div class=\"siteorigin-widget-tinymce textwidget\">\n\t<p><img loading=\"lazy\" decoding=\"async\" class=\"size-medium wp-image-4232 aligncenter\" src=\"https:\/\/www.sg-griesingen.de\/wp-content\/uploads\/2025\/03\/Bild-unbekannt-228x342-1-200x300.jpg\" alt=\"\" width=\"200\" height=\"300\" srcset=\"https:\/\/www.sg-griesingen.de\/wp-content\/uploads\/2025\/03\/Bild-unbekannt-228x342-1-200x300.jpg 200w, https:\/\/www.sg-griesingen.de\/wp-content\/uploads\/2025\/03\/Bild-unbekannt-228x342-1.jpg 228w\" sizes=\"auto, (max-width: 200px) 100vw, 200px\" \/><\/p>\n<p style=\"text-align: center;\">Gabi Z\u00fcgn<\/p>\n<p style=\"text-align: center;\">Beisitzer<\/p>\n<p>&nbsp;<\/p>\n<\/div>\n<\/div><\/div><\/div><\/div><\/div><\/div><div id=\"pg-1836-5\"  class=\"panel-grid panel-has-style\" ><div style=\"padding: 100px 0; \" data-overlay=\"true\" class=\"panel-row-style panel-row-style-for-1836-5\" ><div id=\"pgc-1836-5-0\"  class=\"panel-grid-cell\" ><div id=\"panel-1836-5-0-0\" class=\"so-panel widget widget_sow-editor panel-first-child panel-last-child\" data-index=\"8\" ><div style=\"text-align: left;\" data-title-color=\"#443f3f\" data-headings-color=\"#443f3f\" class=\"panel-widget-style panel-widget-style-for-1836-5-0-0\" ><div\n\t\t\t\n\t\t\tclass=\"so-widget-sow-editor so-widget-sow-editor-base\"\n\t\t\t\n\t\t>\n<div class=\"siteorigin-widget-tinymce textwidget\">\n\t<p><strong>Vereinsanschrift:<\/strong><\/p>\n<p>F\u00f6rderverein SG Griesingen e.V.<\/p>\n<p>Peter Gobs<\/p>\n<p>Gruorner Stra\u00dfe 3<\/p>\n<p>89584 Ehingen<\/p>\n<\/div>\n<\/div><\/div><\/div><\/div><\/div><\/div><\/div>","protected":false},"excerpt":{"rendered":"<p>Auf dieser Seite finden Sie Einblicke und Informationen zum F\u00f6rdervereins der SG Griesingen e.V., dessen Zweck die F\u00f6rderung des Sports in Griesingen ist. Da aus dem Satzungszweck auch die Unterst\u00fctzung unseres Vereins m\u00f6glich ist, bieten wir dem F\u00f6rderverein an dieser Stelle die M\u00f6glichkeit, sich \u00f6ffentlich zu pr\u00e4sentieren: Satzung\u00a0 \u00a0 \u00a0 \u00a0 \u00a0 \u00a0 \u00a0 \u00a0 [&hellip;]<\/p>\n","protected":false},"author":1,"featured_media":0,"parent":0,"menu_order":0,"comment_status":"closed","ping_status":"closed","template":"page-templates\/page_fullwidth.php","meta":{"_monsterinsights_skip_tracking":false,"_monsterinsights_sitenote_active":false,"_monsterinsights_sitenote_note":"","_monsterinsights_sitenote_category":0,"footnotes":""},"class_list":["post-1836","page","type-page","status-publish","hentry"],"_links":{"self":[{"href":"https:\/\/www.sg-griesingen.de\/index.php\/wp-json\/wp\/v2\/pages\/1836","targetHints":{"allow":["GET"]}}],"collection":[{"href":"https:\/\/www.sg-griesingen.de\/index.php\/wp-json\/wp\/v2\/pages"}],"about":[{"href":"https:\/\/www.sg-griesingen.de\/index.php\/wp-json\/wp\/v2\/types\/page"}],"author":[{"embeddable":true,"href":"https:\/\/www.sg-griesingen.de\/index.php\/wp-json\/wp\/v2\/users\/1"}],"replies":[{"embeddable":true,"href":"https:\/\/www.sg-griesingen.de\/index.php\/wp-json\/wp\/v2\/comments?post=1836"}],"version-history":[{"count":42,"href":"https:\/\/www.sg-griesingen.de\/index.php\/wp-json\/wp\/v2\/pages\/1836\/revisions"}],"predecessor-version":[{"id":4994,"href":"https:\/\/www.sg-griesingen.de\/index.php\/wp-json\/wp\/v2\/pages\/1836\/revisions\/4994"}],"wp:attachment":[{"href":"https:\/\/www.sg-griesingen.de\/index.php\/wp-json\/wp\/v2\/media?parent=1836"}],"curies":[{"name":"wp","href":"https:\/\/api.w.org\/{rel}","templated":true}]}}