{"id":2181,"date":"2020-03-13T19:02:24","date_gmt":"2020-03-13T18:02:24","guid":{"rendered":"https:\/\/www.sg-griesingen.de\/?page_id=2181"},"modified":"2024-04-21T11:12:53","modified_gmt":"2024-04-21T09:12:53","slug":"massnahmen-gegen-corona","status":"publish","type":"page","link":"https:\/\/www.sg-griesingen.de\/index.php\/massnahmen-gegen-corona\/","title":{"rendered":"Ma\u00dfnahmen gegen Corona"},"content":{"rendered":"<div id=\"pl-2181\"  class=\"panel-layout\" ><div id=\"pg-2181-0\"  class=\"panel-grid panel-has-style\" ><div style=\"padding: 100px 0; \" data-overlay=\"true\" class=\"panel-row-style panel-row-style-for-2181-0\" ><div id=\"pgc-2181-0-0\"  class=\"panel-grid-cell\" ><div id=\"panel-2181-0-0-0\" class=\"so-panel widget widget_sow-editor panel-first-child panel-last-child\" data-index=\"0\" ><div style=\"text-align: left;\" data-title-color=\"#443f3f\" data-headings-color=\"#443f3f\" class=\"panel-widget-style panel-widget-style-for-2181-0-0-0\" ><div\n\t\t\t\n\t\t\tclass=\"so-widget-sow-editor so-widget-sow-editor-base\"\n\t\t\t\n\t\t>\n<div class=\"siteorigin-widget-tinymce textwidget\">\n\t<p><!-- wp:paragraph --><!-- \/wp:paragraph --><\/p>\n<p>Liebe Vereinsmitglieder,<\/p>\n<p>aufgrund der aktuellen Corona-Situation muss die SG Griesingen leider verschiedene Veranstaltungen der n\u00e4chsten Wochen absagen.<br \/>\nDas geplante Jugendturnier im Juli und der SG-Ausflug im September k\u00f6nnen unter den derzeitigen Gegebenheiten und den Auflagen seitens der Sportverb\u00e4nde und den allgemeing\u00fcltigen Empfehlungen nicht durchgef\u00fchrt werden.<br \/>\nDas Elfmeterturnier auf dem Sportgel\u00e4nde, welches ebenfalls im Juli immer stattfindet, wird bis auf weiteres verschoben. Hierbei halten wir uns noch die M\u00f6glichkeit offen dieses vielleicht im August noch durchf\u00fchren zu k\u00f6nnen.<\/p>\n<p>&nbsp;<\/p>\n<h4 style=\"text-align: left;\">Jugendfreizeit entf\u00e4llt<\/h4>\n<p style=\"text-align: left;\">Aufgrund der aktuellen Regelungen (Kontaktbeschr\u00e4nkung) m\u00fcssen wir schweren Herzens die diesj\u00e4hrige Jugendfreizeit absagen.<\/p>\n<p>&nbsp;<\/p>\n<p><!-- wp:heading {\"align\":\"left\",\"level\":4} --><!-- \/wp:paragraph --><\/p>\n<p><!-- wp:heading {\"level\":4} --><\/p>\n<h4 style=\"text-align: left;\">Bunny-Party am Ostersonntag 12.04.2020 f\u00e4llt aus<\/h4>\n<p><!-- \/wp:heading --><\/p>\n<p><!-- wp:paragraph --><\/p>\n<p style=\"text-align: left;\">Bunny-Party am Ostersonntag 12.04.2020 f\u00e4llt aus<\/p>\n<p><!-- \/wp:paragraph --><\/p>\n<p><!-- wp:paragraph --><\/p>\n<p style=\"text-align: left;\">um der Ausbreitung des Corona Virus vorzubeugen, hat sich der F\u00f6rderverein SG Griesingen e.V. entschieden, dass die diesj\u00e4hrige Bunny-Party am Ostersonntag 12.04.2020 entf\u00e4llt.<\/p>\n<p>&nbsp;<\/p>\n<p><!-- \/wp:paragraph --><\/p>\n<p><!-- wp:heading {\"align\":\"left\",\"level\":4} --><\/p>\n<h4 class=\"has-text-align-left\" style=\"text-align: left;\">ABSAGE FRAUEN FR\u00dcHST\u00dcCK AM 15.03.2020<\/h4>\n<p><!-- \/wp:heading --><\/p>\n<p><!-- wp:paragraph --><\/p>\n<p style=\"text-align: left;\">Der Turngau Ulm hat sich in Absprache mit dem ausrichtenden Verein, der SG Griesingen dazu entschieden, die Veranstaltung \u201eFrauen Fr\u00fchst\u00fcck\u201c am 15.03.2020 nicht durchzuf\u00fchren. Es handelt zwar nicht um eine Gro\u00dfveranstaltung, aber erfasst die Zielgruppe von 55+ Jahren. Um m\u00f6gliche Corona-Infektionen vorzubeugen und Infektionswege zu unterbrechen sehen wir im Moment keine andere M\u00f6glichkeit.<\/p>\n<p><!-- \/wp:paragraph --><\/p>\n<p><!-- wp:paragraph --><\/p>\n<p><!-- \/wp:paragraph --><\/p>\n<p><!-- wp:heading {\"align\":\"left\",\"level\":4} --><\/p>\n<p style=\"text-align: left;\">\n<p>&nbsp;<\/p>\n<p>Durch diese Ma\u00dfnahmen wollen wir nicht verunsichern oder be\u00e4ngstigen. Das Ziel dieser Ma\u00dfnahmen ist lediglich die Vorbeugung von Virusinfektionen und den solidarischen Schutz f\u00fcr die gef\u00e4hrdeten Gruppen.<\/p>\n<p><!-- \/wp:paragraph --><\/p>\n<\/div>\n<\/div><\/div><\/div><\/div><\/div><\/div><\/div>","protected":false},"excerpt":{"rendered":"<p>Liebe Vereinsmitglieder, aufgrund der aktuellen Corona-Situation muss die SG Griesingen leider verschiedene Veranstaltungen der n\u00e4chsten Wochen absagen. Das geplante Jugendturnier im Juli und der SG-Ausflug im September k\u00f6nnen unter den derzeitigen Gegebenheiten und den Auflagen seitens der Sportverb\u00e4nde und den allgemeing\u00fcltigen Empfehlungen nicht durchgef\u00fchrt werden. Das Elfmeterturnier auf dem Sportgel\u00e4nde, welches ebenfalls im Juli immer [&hellip;]<\/p>\n","protected":false},"author":1,"featured_media":0,"parent":0,"menu_order":0,"comment_status":"closed","ping_status":"closed","template":"page-templates\/page_fullwidth.php","meta":{"_monsterinsights_skip_tracking":false,"_monsterinsights_sitenote_active":false,"_monsterinsights_sitenote_note":"","_monsterinsights_sitenote_category":0,"footnotes":""},"class_list":["post-2181","page","type-page","status-publish","hentry"],"_links":{"self":[{"href":"https:\/\/www.sg-griesingen.de\/index.php\/wp-json\/wp\/v2\/pages\/2181","targetHints":{"allow":["GET"]}}],"collection":[{"href":"https:\/\/www.sg-griesingen.de\/index.php\/wp-json\/wp\/v2\/pages"}],"about":[{"href":"https:\/\/www.sg-griesingen.de\/index.php\/wp-json\/wp\/v2\/types\/page"}],"author":[{"embeddable":true,"href":"https:\/\/www.sg-griesingen.de\/index.php\/wp-json\/wp\/v2\/users\/1"}],"replies":[{"embeddable":true,"href":"https:\/\/www.sg-griesingen.de\/index.php\/wp-json\/wp\/v2\/comments?post=2181"}],"version-history":[{"count":11,"href":"https:\/\/www.sg-griesingen.de\/index.php\/wp-json\/wp\/v2\/pages\/2181\/revisions"}],"predecessor-version":[{"id":2290,"href":"https:\/\/www.sg-griesingen.de\/index.php\/wp-json\/wp\/v2\/pages\/2181\/revisions\/2290"}],"wp:attachment":[{"href":"https:\/\/www.sg-griesingen.de\/index.php\/wp-json\/wp\/v2\/media?parent=2181"}],"curies":[{"name":"wp","href":"https:\/\/api.w.org\/{rel}","templated":true}]}}